0*j + 144 = 0. Suppose -5*n - 8 = -y - 1, 5*y + 5*n = 185. Calculate the highest common divisor of j and y.
16
Suppose 4*s + 16 = 0, 5*s + 3575 = -3*k + 10248. Calculate the greatest common factor of 23 and k.
23
Let x(f) = 2*f + 58. Let y be x(15). What is the highest common divisor of 4 and y?
4
Let b(c) be the second derivative of -1/4*c**4 - 5/2*c**2 + 0 + 1/2*c**3 - 1/10*c**5 - 3*c. Let w be b(-4). What is the highest common divisor of 7 and w?
7
Suppose -4*x = -2*n - 14, n + x + 4*x = 28. Suppose n*p - d = 0, -3*d = -p - 2*d. Suppose p = y + 6 - 24. What is the greatest common factor of 54 and y?
18
Let y(r) = 7*r**2 + 5*r - 7. Let d(o) = -8*o**2 - 6*o + 7. Let h(f) = 4*d(f) + 5*y(f). Let c be h(3). What is the highest common factor of 253 and c?
23
Let g(f) = f**3 - 54*f**2 - 56*f + 69. Let r be g(55). Let z = 50 - -34. What is the greatest common factor of r and z?
14
Let h be (-4 + -1)/(7*(-5)/490). Calculate the greatest common factor of 350 and h.
70
Let u be ((-90)/(-35))/(6/112). Calculate the greatest common divisor of 6 and u.
6
Suppose 1538 = s - 4*n, 5*n - 3063 = -5*s + 3*s. What is the greatest common divisor of 26 and s?
26
Let l = 1473 - 1417. Calculate the greatest common factor of 280 and l.
56
Let p be (-209)/(-6) - 77/(-462). Calculate the greatest common factor of p and 2065.
35
Suppose -135 = -p - 128. Let k = -20 - -34. What is the greatest common divisor of p and k?
7
Let y be (-486)/(-3) + -1 + (-7 - -8). What is the highest common divisor of 6 and y?
6
Let u = 184 + -166. Let n be (1 - -3) + 0 + 2. Calculate the highest common divisor of u and n.
6
Let k(c) = -3*c - 8. Let v(j) = -8*j - 24. Let d(w) = -7*k(w) + 2*v(w). Let i = 21 + -10. Let b be d(i). Calculate the highest common factor of 42 and b.
21
Let c(q) = 5*q - 15. Let v be c(9). Calculate the highest common factor of v and 10.
10
Let r = -19 - -27. Suppose r*k - 111 = 5*k. Suppose 70 = 2*j - 3*s, -j + 0*s + 2*s + k = 0. Calculate the highest common factor of j and 232.
29
Suppose 10 = -2*y, 0 = j - 2*y + 6*y + 16. Suppose 47*d + 132 = 58*d. Calculate the greatest common divisor of d and j.
4
Suppose 0 = -j - 3*p + 4 + 12, -5*j + 131 = -2*p. Let g(x) = 2*x + 1. Let r be g(12). What is the greatest common divisor of r and j?
25
Suppose 32*j + 14 = 31*j. Let u = 96 + j. What is the highest common factor of u and 123?
41
Let d = 11 + 3. Suppose 0 = 2*a + a - 15. Suppose 257 = a*o - 23. Calculate the greatest common divisor of o and d.
14
Let x be 12/4 + -3 - -7. Suppose -f - x = -182. Calculate the greatest common divisor of 70 and f.
35
Let x be 5947/171 + (-4)/(-18). Calculate the highest common factor of x and 40.
5
Suppose -4*x = -5 - 7. Let z = 37 - x. Let f be z - 11 - 1*3. Calculate the highest common factor of 5 and f.
5
Suppose 1214 = 2*c - 334. What is the highest common factor of c and 86?
86
Let v = 481 + -427. What is the greatest common divisor of v and 1377?
27
Let z = -21 - -29. Let j be (-729)/(-63) + 9/21. Calculate the highest common divisor of j and z.
4
Suppose 0 = b - 0*b - 5*h - 2, 0 = 3*b + 5*h - 6. Let z(s) = -s**2 + 10*s - 15. Let w be z(5). What is the greatest common divisor of b and w?
2
Let j be (-66)/10 - 4/10. Let b = j + 11. Let q be 84/10 - 2/5. Calculate the highest common factor of b and q.
4
Suppose -4*k - 274 = -5*i, 4*i + 3*k - 211 = -2*k. What is the greatest common divisor of 30 and i?
6
Suppose -10*i = -11*i + 2. Suppose -i*o = 7 - 55. What is the greatest common divisor of 120 and o?
24
Let a = 2 + 2. Suppose 0 = c - 0*c + 4*i - 11, 5*c - a*i = 7. Let x = -1 + 7. What is the greatest common divisor of c and x?
3
Let h be (2 + -1)/((-5)/(-20)). Let l be -2 - h*(-3)/6. Suppose l = 3*k - 91 - 14. What is the highest common divisor of k and 35?
35
Let j be (-120)/(-32) - 1/(-4). Suppose j*t + 6*t = 110. Calculate the greatest common factor of 11 and t.
11
Let s = 53 - 42. Let q(n) = -2*n**2 + 38*n + 9. Let d be q(17). Calculate the highest common divisor of s and d.
11
Let t(c) = c**2 - 190*c + 946. Let r be t(5). Let o be 210/(-25)*20/(-1). What is the highest common divisor of o and r?
21
Suppose 5*r = -d - 0*d + 388, 2*r + 2*d = 160. Calculate the greatest common divisor of 44 and r.
11
Let j(r) be the second derivative of r**5/20 + r**4/2 - 3*r**2/2 - 2*r. Let i = 1 - 4. Let g be j(i). Calculate the greatest common factor of g and 36.
12
Suppose -3*i + 143 = 38. What is the highest common factor of 7 and i?
7
Suppose 569 = 4*o - 167. Let w(i) = -i**3 + 0*i**2 - 3*i + i - i**2 - 9*i**2 + 3. Let u be w(-10). What is the greatest common divisor of o and u?
23
Let m(x) be the second derivative of x**5/5 - 7*x. Let z be m(1). Suppose z*b - 24 = 2*b. What is the highest common divisor of 12 and b?
12
Let f be 2/8 - 5885/(-44). Suppose -4*q + f = 22. Calculate the greatest common divisor of 252 and q.
28
Let h be (2 + -6*(-1)/(-8))*12. Let g be 9 + h + 1*(-3 - -1). Calculate the greatest common divisor of 22 and g.
22
Let b(l) = -2*l**3 + 5*l**2 + 2*l + 2. Let n be b(4). Let t = n + 59. Suppose i - p = 2, 11 = 5*i + p - 5. What is the greatest common factor of i and t?
3
Let o be (-1269)/(-36) + (-55)/44. What is the highest common factor of o and 119?
17
Let m(k) = -k**2 - 2*k + 2. Let n be m(0). Suppose 0 = -n*i + 21 + 1. What is the greatest common factor of 99 and i?
11
Suppose f - 121 = 4*z - 9*z, -3*f + 27 = z. Calculate the highest common divisor of 48 and z.
24
Let b(n) = -11*n**2 + 124*n + 2. Let c be b(11). Let o be (-631)/(-2) + 1/(-2). Calculate the greatest common divisor of c and o.
35
Suppose -97 = -4*r - 5. Suppose 8*g - 55 = -r. What is the highest common factor of 6 and g?
2
Let x(o) = -12*o**2 + 8*o + 13. Let y be x(-2). Let a = y + 93. Calculate the highest common factor of a and 210.
42
Suppose 0 = -5*o - 8544 - 16881. Let z be 2/9 + o/(-81). Suppose 3*d = g + 2*g - z, -10 = 5*d. What is the greatest common divisor of g and 19?
19
Let h = 57 + -57. Suppose h = -15*d + 16*d - 42. Calculate the highest common divisor of d and 28.
14
Suppose 0 = -5*d - 37 + 12, -2*x + 86 = -2*d. Calculate the highest common divisor of 57 and x.
19
Suppose 35*n = 38*n - 276. Calculate the highest common factor of n and 69.
23
Suppose -5*m - 2*q + 0 = -75, -2*q = 2*m - 30. What is the greatest common factor of m and 555?
15
Let h be (91 - (2 + -2))*-1. Suppose 61040 = -11*a + 3*a. Let v be a/h - 4/(-26). Calculate the greatest common factor of 12 and v.
12
Suppose 2*h + 4*k + 16 = -0*k, 2*k = -8. Let b be (0 - (1 - h))*-77. Calculate the greatest common divisor of b and 7.
7
Suppose 0 = 3*w + j + 109, 7*w - 4*j = 3*w - 140. Let i = 41 + w. What is the greatest common divisor of 1 and i?
1
Suppose 3*k - 5*g + 2 - 3 = 0, -k + 3 = -g. Suppose -23 - 61 = -4*a. Calculate the highest common factor of a and k.
7
Suppose -2 = -5*l + 23. Suppose 0 = l*g - g - 92. Calculate the greatest common divisor of 207 and g.
23
Let y = -30 + 46. Let o be 44/2 + (-7 - (-4 + -2)). Let j be 220/14 - (-6)/o. Calculate the greatest common factor of y and j.
16
Suppose -5*s + 723 = 2*v, 0 = v - 3*s - 44 - 334. Suppose 5*q = 3*o + 217, 4 + 205 = 5*q - o. Calculate the greatest common factor of v and q.
41
Let u(a) = -2*a**3 - 3*a**2 + 6*a + 7. Let s be u(-3). What is the highest common factor of s and 256?
16
Suppose 0 = -6*o + o + 400. Suppose 3*n + 35 = o. Calculate the highest common divisor of n and 135.
15
Let b be (2 + 0 - 1)/1. Let c be ((-16)/2*-6)/b. What is the highest common divisor of 72 and c?
24
Let q be (93 - 86) + (-4 - 0). Let r be (-4)/8 + 22/4. Suppose -r*t = -2 - 13. Calculate the highest common divisor of t and q.
3
Suppose 8*w - 83 - 69 = 0. What is the highest common factor of w and 1995?
19
Suppose -15*g = -19*g - 2*z + 290, -g + 55 = -3*z. Calculate the highest common factor of 120 and g.
10
Suppose -2001 = -2*n + 157. Calculate the highest common factor of n and 83.
83
Let c = -1225 - -639. Let b be (-6)/(-21) + c/(-7). Let h be 6/15 + b/15. What is the greatest common divisor of h and 2?
2
Let b(v) = 14*v**2 - 5*v + 4 + 17*v**2 + 2*v**2 + 28*v**2. Let u be b(2). Calculate the highest common divisor of u and 14.
14
Suppose -63*z + 68*z = 1740. What is the greatest common factor of 12 and z?
12
Let m(y) = 3*y + 51. Let l 